is 1331000 - 11?
1330323
In base 11, what is 0 + 2a?
2a
In base 16, what is 187 - -4?
18b
In base 10, what is -4 + -1416?
-1420
In base 11, what is 19 - -5?
23
In base 2, what is -101 - -1100101?
1100000
In base 3, what is -11220202 + -2?
-11220211
In base 4, what is -2 - 1112?
-1120
In base 4, what is -13 + 120?
101
In base 8, what is 2066 - -3?
2071
In base 15, what is 3 + 3d?
41
In base 5, what is 40 - 2?
33
In base 4, what is 100002 - -1?
100003
In base 6, what is 3 + -1330?
-1323
In base 8, what is -11 - -1250?
1237
In base 13, what is -4c + -178?
-1c7
In base 8, what is 2 + 1247?
1251
In base 8, what is 3412 + 1?
3413
In base 11, what is -3a - 163?
-1a2
In base 10, what is 3 + 359?
362
In base 5, what is 12 + -11040?
-11023
In base 2, what is 1010011001110 - -11?
1010011010001
In base 5, what is 2 - 24131?
-24124
In base 10, what is 3 + 125?
128
In base 8, what is -704 + -4?
-710
In base 3, what is -2101 - 1?
-2102
In base 3, what is 2012 + -1211?
101
In base 16, what is -a + b?
1
In base 11, what is -1 + 37?
36
In base 15, what is -2 - 21?
-23
In base 15, what is -b + 22?
16
In base 13, what is 11 - 231?
-220
In base 15, what is 0 - -10?
10
In base 4, what is -10302012 + 11?
-10302001
In base 16, what is c - 112?
-106
In base 6, what is 11330 + -4?
11322
In base 3, what is 121 - -112212?
120110
In base 11, what is 5 - -a09?
a13
In base 9, what is -584 - 10?
-604
In base 13, what is -ba + -3?
-c0
In base 8, what is 1 - 44?
-43
In base 10, what is -32 + 2?
-30
In base 7, what is 4 + 61?
65
In base 7, what is -11 - -13?
2
In base 10, what is -394 - 100?
-494
In base 4, what is -2 - 2000?
-2002
In base 12, what is -4 - -13b?
137
In base 10, what is 15 + -88?
-73
In base 10, what is -187 + -4?
-191
In base 14, what is 2c3 + 2?
2c5
In base 3, what is 10 - -12202?
12212
In base 16, what is -1 + -3?
-4
In base 12, what is -43 + 9?
-36
In base 16, what is -25 - -1?
-24
In base 13, what is -c6 - 1?
-c7
In base 9, what is 22 - -553?
575
In base 3, what is -22 - -2100?
2001
In base 10, what is 0 - 806?
-806
In base 9, what is 181 - 55?
125
In base 7, what is 1 + 162?
163
In base 7, what is -114 + -5?
-122
In base 12, what is 7 - -7?
12
In base 4, what is -13 - 23?
-102
In base 11, what is -2 - 46?
-48
In base 6, what is -350 + -150?
-540
In base 6, what is -5 + -20?
-25
In base 12, what is -5 - -a56?
a51
In base 14, what is 92 - -10?
a2
In base 16, what is -4 - -d7?
d3
In base 12, what is 3 - -698?
69b
In base 14, what is 581 + 5?
586
In base 13, what is 43 + 3?
46
In base 13, what is -2b - 7b?
-a9
In base 10, what is -39 - 6?
-45
In base 8, what is 750 + -3?
745
In base 7, what is -3534 + 12?
-3522
In base 12, what is 11 + 64?
75
In base 5, what is 0 + 1232?
1232
In base 15, what is -16c9 + 3?
-16c6
In base 13, what is -25 - -7c?
57
In base 15, what is 8 + -4?
4
In base 2, what is -1010110000 + 0?
-1010110000
In base 7, what is -3 + 11402?
11366
In base 10, what is 611 - 4?
607
In base 10, what is 107 + -11?
96
In base 7, what is 5 - -3040?
3045
In base 10, what is -1 - -933?
932
In base 11, what is -1 + 533?
532
In base 10, what is -4914 - -3?
-4911
In base 3, what is -1212222 + -11?
-1220010
In base 6, what is -1 - 34?
-35
In base 4, what is 1111 - 22?
1023
In base 7, what is -5 + 3533?
3525
In base 2, what is 100 + -11?
1
In base 8, what is -2 - -154?
152
In base 6, what is 231 + -2?
225
In base 8, what is -21 + 1620?
1577
In base 15, what is -5 + 73?
6d
In base 9, what is 6 - 82?
-75
In base 11, what is -3 + -272?
-275
In base 14, what is -5 + -8?
-d
In base 8, what is -5 - -323?
316
In base 8, what is 37 + -247?
-210
In base 13, what is 2a + 7?
34
In base 4, what is -232 - -220?
-12
In base 12, what is -3 + -45?
-48
In base 16, what is 23 + -2?
21
In base 11, what is 1 + -16?
-15
In base 10, what is -66 - -1?
-65
In base 6, what is 1342 - 3?
1335
In base 14, what is -82 - 2?
-84
In base 5, what is -103 + -21?
-124
In base 14, what is 2d3 - -12?
305
In base 13, what is 586 + -4?
582
In base 15, what is -600 + -4?
-604
In base 10, what is 2502 + -5?
2497
In base 2, what is -10 - -101111100?
101111010
In base 10, what is -1886 - 3?
-1889
In base 16, what is -1 - -22a?
229
In base 15, what is 626 + -4?
622
In base 16, what is d + 67?
74
In base 12, what is 4 + -1948?
-1944
In base 10, what is 5 - 8?
-3
In base 11, what is -1a + -98?
-107
In base 15, what is 0 + 18?
18
In base 11, what is 8 + 21?
29
In base 5, what is -3 + -2143?
-2201
In base 7, what is 3 - 3413?
-3410
In base 10, what is -25 + -10?
-35
In base 4, what is -1131 + -1?
-1132
In base 12, what is 129 + -9?
120
In base 13, what is -5 - 59?
-61
In base 10, what is -353 - -4?
-349
In base 10, what is -5 + 1117?
1112
In base 7, what is -640 - 1?
-641
In base 5, what is 10 - -2042?
2102
In base 11, what is -7 - -43?
37
In base 13, what is -1ab - -3b?
-170
In base 4, what is -20333 - -100?
-20233
In base 3, what is -20 + 101?
11
In base 10, what is 330 - 12?
318
In base 2, what is 1 - -10010?
10011
In base 4, what is 111 + 2?
113
In base 4, what is -2102100 + 11?
-2102023
In base 12, what is 39a - 4?
396
In base 5, what is 13 + -1212?
-1144
In base 13, what is -111 + 17?
-c7
In base 9, what is 5 + -701?
-685
In base 5, what is 21321 + 1?
21322
In base 11, what is -14 + -51a?
-533
In base 10, what is -7596 + 5?
-7591
In base 2, what is 11 + -10101?
-10010
In base 4, what is 1101 - -12?
1113
In base 8, what is -274 + 5?
-267
In base 8, what is 1473 + -13?
1460
In base 11, what is -197 - -12?
-185
In base 16, what is 2 - f4?
-f2
In base 4, what is 30 - -1103?
1133
In base 14, what is 2 - 35?
-33
In base 8, what is -312 - -3?
-307
In base 11, what is -5 - -3?
-2
In base 7, what is 134 - -212?
346
In base 14, what is 795 - -5?
79a
In base 8, what is -463 + 2?
-461
In base 14, what is 6 - -1613?
1619
In base 13, what is 902 + 1?
903
In base 5, what is 1 + 2033?
2034
In base 8, what is 704 - 3?
701
In base 10, what is 20900 - -1?
20901
In base 5, what is -4 + -3302?
-3311
In base 11, what is -4949 - -4?
-4945
In base 16, what is -10c4 - 5?
-10c9
In base 4, what is -200 - -13030?
12230
In base 11, what is -335 + -5?
-33a
In base 10, what is 1310 - -1?
1311
In base 12, what is -3 + -10?
-13
In base 6, what is 331502 - 3?
331455
In base 15, what is -1 - -380?
37e
In base 4, what is -1320 - -12?
-1302
In base 5, what is -2041 - -30?
-2011
In base 14, what is 1 - 22?
-21
In base 5, what is 334343 + 4?
334402
In base 15, what is 10 + 0?
10
In base 2, what is -10100 - 10010?
-100110
In base 6, what is -12 - 5?
-21
In base 4, what is -10 - -10030?
10020
In base 9, what is 7772 + 1?
7773
In base 13, what is 567 + -3?
564
In base 5, what is 1 - 20?
-14
In base 6, what is -13 + -1103?
-1120
In base 16, what is 1f34 - -3?
1f37
In base 5, what is 1124 + -30?
1044
In base 4, what is -200203 - -2?
-200201
In base 15, what is -18 + 20?
7
In base 15, what is 3 - 197?
-194
In base 3, what is -221202 - 2?
-221211
In base 2, what is -11 - 11111011?
-11111110
In base 13, what is a5 + 13?
b8
In base 3, what is 1110 - -2?
1112
In base 11, what is 2 - -78?
7a
In base 11, what is -5 + 337?
332
In base 9, what is 5 - 61?
-55
In base 14, what is c2 - -c?
d0
In base 5, what is -1332 - -223?
-1104
In base 8, what is 0 - -11?
11
In base 11, what is 3 - 1594?
-1591
In base 12, what is -21b + 1?
-21a
In base 9, what is -43 + 8?
-34
In base 12, what is 92 + -a?
84
In base 16, what is -aa + -16?
-c0
In base 12, what is -25 - 6?
-2b
In base 12, what is 3 - -4?
7
In base 3, what is 2020 + 11?
2101
In base 14, what is 0 + -44?
-44
In base 5, what is 0 - -1101?
1101
In base 8, what is -3 - 35?
-40
In base 16, what is 5 + 0?
5
In base 11, what is -17 - 105?
-121
In base 4, what is -2 - -202?
200
In base 14, what is -5 + 13?
c
In base 13, what is 14 - a?
7
In base 15, what is 2 + -58?
-56
In base 12, what is -5 - 89?
-92
In base 6, what is 551 - 20?
531
In base 6, what is -211 + 45?
-122
In base 4, what is 1001 - -10100?
11101
In base 2, what is -1 - -1100011111?
1100011110
In base 12, what is -1103 + 1?
-1102
In base 2, what is -10001111 + -100?
-10010011
In base 6, what is 3 - -2134?
2141
In base 3, what is -1 + 102?
101
In base 16, what is 2 - -a9?
ab
In base 3, what is 10 + 20012?
20022
In base 4, what is -12322 + 2?
-12320
In